*2 + 6*m + 1. Let a be r(-9). Suppose -4*n = 4*i - a, -3*n + 5*n + 3*i - 10 = 0. What is the greatest common factor of 55 and n?
11
Let p(c) = 2*c - 8. Let n be p(9). Let z = -26 + 76. Calculate the greatest common factor of n and z.
10
Let f be (3 - 2)*3 - (-5 + -52). Calculate the highest common factor of 12 and f.
12
Let w be -2 + 2 + 24/2. Calculate the highest common divisor of w and 108.
12
Let a be (0 + 1 + 21)/1. Calculate the highest common factor of 11 and a.
11
Let l be 2/(-4) + 27/(-18). Let r be (-71)/l - 1/(-2). Calculate the highest common factor of 24 and r.
12
Let k be ((-138)/115)/(0 - (-1)/(-55)). What is the greatest common divisor of k and 66?
66
Suppose 0 = 4*m - 5*r - 31, -3*m + 0*r + 4*r + 23 = 0. What is the greatest common factor of m and 108?
9
Suppose -x + 7 = -11. Suppose -3*c = -6*c + x. Let t = 118 - 58. What is the highest common factor of t and c?
6
Let l be -2 - (-29 - 3 - 0). Calculate the greatest common divisor of l and 12.
6
Suppose 3*n = 4*z + 16, 7 = -2*n + 3*n - z. Suppose -5*j - 4 = 3*x, x + 5*j = -11 + 3. Suppose -40 + n = -x*m. Calculate the greatest common factor of m and 56.
14
Let z = 2 - -68. What is the highest common divisor of 20 and z?
10
Suppose 4*s - 196 = -2*z + 382, -3*z + 9 = 0. Let i(n) = n**3 - 2*n**2 + 4. Let u be i(3). Calculate the highest common divisor of u and s.
13
Let j(v) = -6*v**2 - v + 2. Let b be j(2). Let m = b + 52. Suppose 4*t - 9*t = -70. What is the highest common divisor of t and m?
14
Suppose 0 = -4*k + 10 + 2. Suppose -3*t = -w - 0*t - 2, -2 = -5*w + k*t. Let s = w - -8. What is the highest common divisor of s and 81?
9
Suppose 4*n = -p + 9, -n = -3*p - 0*n + 40. Calculate the highest common divisor of p and 65.
13
Let v(i) be the second derivative of -2*i**3 - i. Let m be 0/(1 + 0) + -1. Let c be v(m). Calculate the highest common divisor of c and 3.
3
Let z = 3 - -14. Calculate the highest common factor of z and 170.
17
Let x = 101 + -61. What is the highest common factor of 20 and x?
20
Let z be 2*((-275)/(-2))/5. Calculate the greatest common divisor of 22 and z.
11
Let l(o) = 23*o - 86. Let b be l(5). Calculate the greatest common factor of 232 and b.
29
Suppose 2*l + 0*l = 70. Let p(u) = u - 7. Let h be p(6). Let c be (-4)/h*(-14)/(-8). Calculate the highest common factor of l and c.
7
Let x be (-11)/(33/(-108)) - 0. Calculate the highest common factor of x and 4.
4
Suppose 162 = -2*c - 24. Let a = c + 221. Suppose -5*g = 5*k - g - 76, 3*k + 4*g - 44 = 0. Calculate the highest common divisor of a and k.
16
Suppose -5*v = 4*k - 41, 4*k - 3*v = v + 32. Suppose 5*c + 5*l - 4*l = 272, 3*l + k = 0. Calculate the greatest common divisor of c and 22.
11
Let b = 10 + -11. Let v be (2 - b)*(-10)/(-15). Let f(t) = -t**3 - t**2 - t - 2. Let x be f(-2). What is the highest common factor of v and x?
2
Let h be (-3)/(-6) - 170/(-4). Let c be h - (-4)/2 - -1. Suppose c = 4*u + g, -5*u + 0*u - 3*g + 61 = 0. What is the highest common divisor of 121 and u?
11
Let s = 20 - 38. Let k = s - -38. What is the greatest common factor of 50 and k?
10
Suppose -4*c + 156 = 4*k, 0*k - 5*k = c - 27. What is the highest common factor of 28 and c?
14
Let k be 12/4*(-2)/6. Let l be (2/(-5))/(k/(-5)). Let s = 7 + l. Calculate the highest common divisor of 35 and s.
5
Let d(n) = 3*n - 1. Let s be d(1). Suppose -62 = -t + 4*m, s*m = -2*t - t + 242. Calculate the greatest common divisor of 26 and t.
26
Suppose 0 = -0*t + 5*t + 10, -2*h + 3*t = -38. What is the highest common factor of 8 and h?
8
Suppose 3*d - 48 = -d. Let m = 17 - -294. Suppose -5*x + m = -229. What is the highest common divisor of d and x?
12
Let j = 2 + -1. Suppose -14 = -5*g + j. Calculate the highest common divisor of g and 3.
3
Let v(t) = -t**3 + 7*t**2 - 4*t - 4. Let s be v(6). Suppose 4 + 0 = 4*d. Let x be (d - (-255)/3) + 2. Calculate the highest common divisor of s and x.
8
Let k be -2 + (2 - 2) - -7. Let c be 53/k - (-4)/10. Calculate the greatest common divisor of 11 and c.
11
Let h be (228/(-48))/((-2)/16). Suppose -11*a + h = -9*a. What is the highest common divisor of a and 19?
19
Let i = -7 + 21. Suppose 4*t - i = 2*w + 18, w = -5*t + 47. Let l be (t - 4)/((-2)/(-4)). Calculate the greatest common factor of 20 and l.
10
Let f(o) = -11*o + 3. Let y be f(-3). Suppose 0 = -2*i + 252 - y. Suppose -5*b + 24 = -3*b. Calculate the highest common factor of b and i.
12
Let u(h) = 3*h - 3. Suppose 5 = 3*s - 2*s + r, -4*s - 5*r = -21. Let i be u(s). Let z be 63*(-1 - 1 - -3). Calculate the highest common divisor of z and i.
9
Let l(v) = 3*v**2 - 5*v - 1. Let z be -2 + -1 + 4 + 0. Let b be -7 - (z + -4 + 1). Let m be l(b). What is the greatest common factor of m and 9?
9
Let k be (6 - -2)/4 - (-1)/(-1). Calculate the highest common divisor of k and 8.
1
Let w be 8/(-6)*(-15)/1. Suppose 4*r - 270 = -5*r. What is the greatest common divisor of w and r?
10
Let l(f) = -5*f + 1. Let p be l(-3). What is the greatest common factor of 48 and p?
16
Let t = 4 - 2. Suppose -3*r - t*x = -625, -5*x + 424 = -0*r + 2*r. What is the greatest common divisor of 23 and r?
23
Let y(o) = 2*o + 5. Let v be y(5). Suppose -3*b = -3*n + 180, -3*b - 68 = -n - 8. What is the highest common factor of n and v?
15
Let r = -35 + 2. Let i = r + 49. Suppose -2*h + h = -2. Calculate the highest common divisor of i and h.
2
Let j(q) = 25*q**2 - 2*q + 1. Let y be j(1). What is the highest common factor of y and 60?
12
Suppose 0*v = -5*v + 35. What is the highest common factor of v and 14?
7
Suppose 0*r + 2*r = 2. Let l be (-29)/(-4) - r/4. Let h = 10 - l. What is the greatest common divisor of h and 33?
3
Let y = -26 - -31. What is the greatest common factor of y and 25?
5
Suppose 17 + 1 = l - 4*q, q - 21 = -4*l. What is the greatest common divisor of l and 42?
6
Let p(a) = a**2 - 3*a - 4. Let x be p(5). Let h = 23 + -14. What is the highest common divisor of x and h?
3
Let x(g) be the first derivative of 13*g**2/2 + 3*g + 1. Let a = 10 + -6. Let d be x(a). Calculate the greatest common factor of d and 5.
5
Suppose 0 = -o - t - 2*t - 4, -2*t = 3*o + 5. Let r be (22*(0 - 1))/o. Calculate the highest common divisor of r and 33.
11
Suppose 5*s + 2*a = 30, s + 10 + 6 = 4*a. Let t = 9 + s. Calculate the greatest common factor of 26 and t.
13
Suppose 4*k - f - f = -34, -19 = 3*k + 5*f. Let w be (-5 - k)*14/6. Calculate the greatest common divisor of w and 42.
7
Let d(u) = 13*u + 2. Suppose 3 = -4*j - 9, 2*j + 8 = t. Let x be d(t). Let y = -18 + x. What is the greatest common divisor of y and 20?
10
Suppose -2*v = -3*u - 50 + 8, 4 = -2*u. Let m be 1/(-2)*-18*3. What is the highest common divisor of m and v?
9
Let a(r) = 4*r - 1. Let l be a(6). Calculate the greatest common divisor of 46 and l.
23
Let o be 14/35 - (-46)/10. Let z(u) = -u**3 + 8*u**2 - 6*u + 3. Let v be z(o). What is the highest common divisor of 16 and v?
16
Suppose -3*c + 20 = c. Suppose -x + c*f = x - 17, 0 = -2*x + 2*f + 20. Let j = 18 - x. Calculate the greatest common divisor of 35 and j.
7
Suppose 88 = 260*x - 259*x. Calculate the greatest common factor of x and 22.
22
Suppose 0 = -2*k - 5*n + 31, -n - 15 - 6 = -3*k. What is the greatest common divisor of k and 20?
4
Let o = -4 - -2. Let a be o + 0 + 0 + 5. What is the highest common divisor of a and 9?
3
Suppose -12*d + 112 = -8*d. What is the highest common divisor of d and 84?
28
Let j be (-10)/(-1*(-2 + 3)). Suppose -4*p - p = -j. Suppose -4*o + 2 = -p*o. What is the greatest common factor of 1 and o?
1
Suppose 4*w + y = -y + 6, -5*y + 5 = 0. What is the greatest common divisor of 3 and w?
1
Suppose 0 = -37*u + 33*u + 8. What is the highest common divisor of u and 2?
2
Suppose 1 = -3*v - g + 29, 0 = 3*g - 12. Suppose 0 = 3*h - 8*h + 200. Suppose b = -b + h. Calculate the highest common divisor of v and b.
4
Let a(q) = 7*q - 26. Let x be a(5). What is the highest common factor of x and 9?
9
Let j(c) be the second derivative of c**3/3 + 3*c**2 + 2*c. Let p be j(6). Suppose p = 2*o + o. What is the highest common factor of 3 and o?
3
Suppose o + 4 + 0 = -4*p, 2*o - 1 = -5*p. Calculate the greatest common divisor of 24 and o.
8
Let a = 37 - 28. Calculate the greatest common divisor of a and 9.
9
Let b be (-22 - 0)*-9*1. What is the highest c